a(z) = 2*z**2 - 6*z + 59. Calculate the remainder when a(0) is divided by n.
14
Let p = 382 + -230. Calculate the remainder when p is divided by 22.
20
Suppose 148 = 5*x - 3*y, -x - 2*y + 28 = -3*y. What is the remainder when x is divided by 7?
4
Suppose 0 = 5*u - 5*g - 115, 2*u - 46 = -4*g + 3*g. Suppose -d + 10 = d. Calculate the remainder when u is divided by d.
3
Suppose -468 = -7*x - 97. Calculate the remainder when x is divided by 29.
24
Suppose 0 = 31*v - 46*v + 255. Let d(k) = 3*k**2 - k + 5. What is the remainder when d(4) is divided by v?
15
Let y(w) = -2*w + 1. Let f be y(-1). Let d(q) = 3*q**3 + 4*q**f - q + 2*q. What is the remainder when 23 is divided by d(1)?
7
Suppose -2*m - 5 + 21 = 0. What is the remainder when 62 is divided by m?
6
Let r(u) = -3*u - 5. Let w(z) = -1. Let b(l) = r(l) - 3*w(l). Suppose 0*q = 6*q - 216. What is the remainder when q is divided by b(-7)?
17
Calculate the remainder when 20 is divided by 2 - (10/(-20) - 19/2).
8
Let d(f) = -f**2 + 5*f + 3. Let a be d(5). Suppose j + 4*g + 50 = a*j, j = g + 21. Calculate the remainder when 33 is divided by j.
16
What is the remainder when 44 is divided by (-18)/(-5)*40/12?
8
Let c = -64 + 65. Calculate the remainder when 2 is divided by c.
0
Let y(h) = 2*h - h**2 + 2*h + 0*h + 2*h**2. Let m be y(-4). What is the remainder when 53 is divided by -1*(-18 - m) - 0?
17
Let r(m) = m**2 - 7*m + 12. Calculate the remainder when 27 is divided by r(6).
3
Suppose 0 = 3*q + 15 - 48. Suppose -3*j + 141 = 3*z, 0 = j + 2*z + 3*z - 67. Calculate the remainder when j is divided by q.
9
Let n = 3 + 21. Let w = 73 - n. What is the remainder when w is divided by 17?
15
Suppose -2*u - 17 = -3*o + 2*u, -u = 5*o - 13. Suppose 3*p = 9 + o. Let c = p + -3. What is the remainder when 2 is divided by c?
0
Suppose -233 = -17*u + 379. Suppose 4*g = -g + 40. Calculate the remainder when u is divided by 4/(-16) + 106/g.
10
Suppose 5*o = -4*q + 18, -2 = 2*o - 3*q - 0*q. What is the remainder when 6 is divided by o?
0
Suppose r + 50 = 6*r. Calculate the remainder when 16 is divided by r.
6
Suppose 0 = 4*u - m - 34 - 21, -2*u + 4*m + 38 = 0. Let g(k) = 4*k + 10. Let y = -5 + 12. Calculate the remainder when g(y) is divided by u.
12
Suppose 0 = -0*l - 4*l - 2*x + 78, 0 = 2*x + 10. What is the remainder when l is divided by (3/2)/((-6)/(-32))?
6
Suppose 23 = -0*z + 4*z + 3*n, 0 = 2*z - 2*n - 8. Calculate the remainder when z is divided by 2.
1
Suppose -h - 225 = -5*r - 71, -2*r + 2*h + 60 = 0. What is the remainder when 123 is divided by r?
30
Let q = -1 + 13. Suppose -5*v = 5*p - 25, 2*p + 8 + q = v. Suppose 5*t - v = 4*t. Calculate the remainder when t is divided by 4.
2
Suppose -2136 = 5*h - 381. Let y = -1 + 10. Calculate the remainder when h/(-21) - (-2)/7 is divided by y.
8
Let v be 0/1 + (-3 - -3). Suppose -5*j - 224 - 16 = v. Let c = j + 98. Calculate the remainder when c is divided by 17.
16
Let v(p) = 2*p - 1. Suppose -2*o - 2 = 2. Let k be v(o). Let g(q) = -5*q - 1. What is the remainder when g(k) is divided by 13?
11
Let z = -61 - -38. Let j = z + 39. What is the remainder when j is divided by 9?
7
Calculate the remainder when 77 is divided by 1 - (-46)/5 - (-7)/(-35).
7
Suppose -2*b + 44 = 3*m, 5*b - 70 = -5*m - 0. Calculate the remainder when 61 is divided by m.
13
Let a = 2 - -1. Calculate the remainder when 4 is divided by a.
1
Let v = -15 - -28. What is the remainder when 48 is divided by v?
9
Let q = -18 + 26. Suppose 4*c - 88 = -5*g, -4*c - g + 110 = c. What is the remainder when c is divided by q?
6
Calculate the remainder when 99 is divided by 4/14 - 1557/(-63).
24
Let b be (-2*2)/((-3)/3). Suppose 0 = -3*z - 2*c + 109, c - 61 - 91 = -b*z. Calculate the remainder when z is divided by 10.
9
Suppose 32 = 5*u - 0*u - 3*d, -2*d + 23 = 3*u. Suppose -v + 5*j + 22 = -0, -110 = -4*v - 2*j. Calculate the remainder when v is divided by u.
6
Suppose -d = -o + 3, -3*d = -0*d - 6. Suppose -425 + 135 = -o*t. Let l(h) = 8*h - 4. What is the remainder when t is divided by l(3)?
18
Let k(b) = -b**3 - 11*b**2 - 13*b - 6. Suppose 0 = s + 9 + 1. What is the remainder when k(s) is divided by 9?
6
Let f be 6/3 + 10/1. Suppose -1 = 5*z - 21. Suppose z*g - 36 = f. What is the remainder when g is divided by 7?
5
Suppose o - 3*o = -46. Let r(s) = s**3 - 8*s**2 - 10*s + 10. Let f be r(9). Calculate the remainder when 66 + f + (-3)/3 is divided by o.
20
Let n = -12 + 23. Calculate the remainder when 142 is divided by n.
10
Suppose -29 = -w + 2*k - 10, 0 = -5*w + 4*k + 71. Let p(m) = m**3 - 5*m**2 + 4*m + 1. Let t = -11 + 16. Calculate the remainder when p(t) is divided by w.
10
Let c(a) = -13*a - 32. Calculate the remainder when c(-10) is divided by 33.
32
Suppose 47 = 8*x - 1. Suppose -2*w = 4*r - 70, -4*r = 3*w + 15 - 90. Calculate the remainder when r is divided by x.
3
Let i = 73 - 19. What is the remainder when i is divided by 19?
16
Suppose 2*p - 3 = 4*c - 5, 3*p + 1 = 5*c. Suppose -4*z = c*x - 132, -5*z + 152 = -x - 3*x. Suppose s = 5*s - z. What is the remainder when s is divided by 5?
3
Let f = 30 + -17. What is the remainder when f is divided by 7?
6
Suppose 0 = v - 2*v + 2. What is the remainder when 3 is divided by v?
1
Suppose -216 + 54 = -h. What is the remainder when h is divided by 33?
30
Let n = 7 + 3. Let l be 7*7 - (-1 - -2). Suppose -3*g = -9 - l. What is the remainder when g is divided by n?
9
Suppose -40 = -p - 4*p. Let n be ((-132)/(-18))/((-4)/(-6)). Let s = n - 6. What is the remainder when p is divided by s?
3
Suppose q = 31 + 15. Suppose 5*s + 38 = 3*i, i = -3*i - s + 66. What is the remainder when q is divided by i?
14
Suppose -12*b + 5*b + 49 = 0. Calculate the remainder when b is divided by 3.
1
Let a be (-5)/(-3) + 2/6. Let f be (30/18)/(a/6). Suppose -43 = -f*m + 12. What is the remainder when 21 is divided by m?
10
Suppose -4*j = k - 3*k, -k - 5*j = -14. Suppose -k*l + 123 = 5*c, -c = -0*l + l - 25. Calculate the remainder when 68 is divided by c.
22
Let y(h) = h**3 + 17*h**2 - 2*h - 22. What is the remainder when 20 is divided by y(-17)?
8
Suppose -b - 3*b - 4*f = -36, -1 = -f. Calculate the remainder when 20 is divided by b.
4
Let w = 40 - 18. What is the remainder when 85 is divided by w?
19
Let r be -1 + 0 - (3 + -3). Calculate the remainder when 44 is divided by -1 - (0 + 16)/r.
14
Suppose 2*n + 1 - 3 = 4*k, -3*k = 4*n - 15. What is the remainder when 8 is divided by n?
2
Let m = 63 + -43. Calculate the remainder when 37 is divided by m.
17
What is the remainder when (-122)/(-3)*(-9)/(-6) is divided by (11 - -2) + 6/2?
13
Suppose 27*h - 31*h + 88 = 0. Suppose 0 = -4*r + 5*t + 20, 3*r + 3*t + 10 = 5*r. Calculate the remainder when h is divided by r.
2
Calculate the remainder when 23 is divided by (-3 + (-7)/2)*-2.
10
Let x = -11 - -31. Calculate the remainder when 39 is divided by x.
19
Let a = 2 + 11. Calculate the remainder when 76 is divided by a.
11
Suppose 4*y + 1 - 9 = 4*w, -5*y + 24 = 2*w. Suppose -5*z - 5*c + c + 6 = 0, -y = -4*z - 4*c. Suppose 2*f - 1 = f. What is the remainder when z is divided by f?
0
Let m = -107 - -165. Calculate the remainder when m is divided by 20.
18
Suppose -g - 20 = 4*g - 5*f, -2*g - 4*f + 10 = 0. Let q(n) = -n + 1. What is the remainder when 3 is divided by q(g)?
1
Calculate the remainder when ((-8)/1)/(12/(-30)) is divided by 8.
4
Let d = 21 + -7. Suppose -o - d = -3*o. Suppose -4*y + 46 + 2 = 0. Calculate the remainder when y is divided by o.
5
Let p = 127 + -35. Calculate the remainder when p is divided by 12.
8
Let c = 68 + -36. Suppose g = -r + 2*g + c, 5*r = -3*g + 136. What is the remainder when ((2 - -2) + -3)*r is divided by 15?
14
Let k(w) = -w**2 + 10*w + 13. Calculate the remainder when 146 is divided by k(6).
35
Let y(l) = l + 7. Let h be y(-3). Suppose -8*r = -h*r - 444. Calculate the remainder when r is divided by 28.
27
Suppose 0 = -7*k + 3*k + 132. What is the remainder when k is divided by (-1)/3*-3 - -8?
6
Suppose 5*s - 17 = 28. Suppose -5*l - s = -69. What is the remainder when 46 is divided by l?
10
Let x = -64 + 157. Suppose x = 2*f - 117. Calculate the remainder when f is divided by 27.
24
Suppose -u - 150 = -6*u. Suppose 0 = -n - 4*v + 10, v - 2 = n - v. Suppose -u = -5*l + 5*y, 0 = -y + 2*y + n. Calculate 